*2 - 6*q + 6. Let h(t) = t**3 + t**2 + t - 1. Let k(g) = c(g) + 6*h(g). Let o(w) = w**3 + 8*w**2 + 16*w + 4. Let a be o(-5). Give k(a).
-1
Let x(g) be the third derivative of -g**7/504 - g**6/720 + g**5/120 + 23*g**4/24 + 15*g**2. Let m(k) be the second derivative of x(k). Give m(2).
-21
Let p(t) be the second derivative of -t**5/20 - t**4/2 - t**3/2 - t. Let f be -3*(-82)/12*-4. Let d = 77 + f. Calculate p(d).
-10
Let q(u) = 17*u - 17. Let r(j) = -5*j + 5. Let l(t) = -2*q(t) - 7*r(t). Determine l(5).
4
Let s(g) = -7*g + 1 + 0*g**2 - 3*g**2 - 5*g**2 + 4*g**2 + 6*g**2. What is s(4)?
5
Let d(h) = h + 8. Let b be d(-14). Let s be 45/(-27) - 4/b. Let u(z) = 6*z**2 + 2*z + 1. Determine u(s).
5
Let k(q) = -3*q**3 - 2*q**2 - 1. Let n(x) = x**2 - 4*x - 34. Let d be n(8). Give k(d).
15
Suppose 2*g = -2*j - 16, 2*j - 13 + 1 = 5*g. Let b(f) = 6*f + 8. Calculate b(j).
-16
Let g(s) = -s**3 - 5*s**2 + 7*s + 6. Let t be 4/10*(-3)/((-6)/10). Suppose -z + 16 = -t*o, z + 3 = o + 13. Calculate g(o).
0
Let j(o) be the second derivative of -o**4/12 + 2*o**3 - 2*o. Let z be j(12). Let h(w) be the first derivative of w**2/2 + 3*w + 2. Calculate h(z).
3
Let s(v) = 3*v. Let t be s(1). Suppose -t*m = -7*m + 20. Let x(o) be the third derivative of -o**4/12 - 22*o**2 + o. Give x(m).
-10
Let s(p) be the third derivative of -p**4/24 + p**3/6 - 105*p**2. Calculate s(-6).
7
Let g(t) be the third derivative of t**4/12 + t**3/6 + 2*t**2. Suppose m + 3*m - 5*v = 22, -5*v = 10. Suppose m + 2 = 4*w - 5*c, 2*c - 6 = 0. Give g(w).
11
Let y(g) be the second derivative of -g**7/840 + g**5/120 + g**4/24 + 4*g**3 + 26*g. Let r(c) be the second derivative of y(c). Determine r(-2).
7
Let p(x) = -x - 9. Let c(k) = k**3 - 12*k**2 - 10*k - 46. Let l be c(13). Calculate p(l).
-2
Let d(u) be the third derivative of -u**4/24 - 4*u**3/3 - 20*u**2. Determine d(-4).
-4
Let i(f) = f**2 + 15*f - 59. Let q = -2710 + 2692. What is i(q)?
-5
Let l(v) = -14*v**2 - 3*v + 12. Let a(b) = -52*b**2 - 11*b + 47. Let h(r) = -3*a(r) + 11*l(r). Determine h(0).
-9
Let n(u) = u - 1. Let q(i) = -3. Let b(v) = 2*n(v) - q(v). Let a(m) = -11*m - 4. Let o(d) = a(d) + 5*b(d). Determine o(-3).
4
Let b(n) = -7*n - 2. Let o be b(-1). Let f(z) = -z**2 + 5*z + 6. Let p be f(o). Let i(w) = -w - 1. Determine i(p).
-7
Let d(c) = -11*c - 4. Let t(a) = a + 1. Suppose 4*b + 4*n = 0, 2*b + 5*n = 2 - 17. Suppose 5*k = -b + 20. Let u(v) = k*t(v) + d(v). Determine u(1).
-9
Let o be (2/(-3))/(2/21). Let q(j) = -j. Suppose -3*x + 18 = 6*x. Let s(m) = -3*m - 1. Let a(p) = x*s(p) - 5*q(p). What is a(o)?
5
Let v(g) be the third derivative of -g**6/120 - g**5/6 - 5*g**4/12 - 11*g**3/6 + 62*g**2 - g. What is v(-9)?
-2
Let m(k) = -2*k + 5. Suppose 4*f - 2*f - d = -6, 2*d = -2*f - 18. Let b be (2/(-6))/(f/270*3). Determine m(b).
-7
Let n(o) = o**2 + 78607 - 3*o - 3*o - 78607. What is n(6)?
0
Let f(p) = -p + 1. Suppose 15*l - 3 = 18*l. Let w(o) = -15*o + 4. Let y(r) = 7*r - 2. Let z(s) = 2*w(s) + 5*y(s). Let j(m) = l*z(m) - 3*f(m). Calculate j(-3).
5
Let c(g) = -4*g**2 - g - 1. Let i be 432/(-81) + (-1)/(-3) - 0. Let o be (7/(-5) + 1)*-10. Let d(t) = -3*t**2 - 1. Let h(b) = i*d(b) + o*c(b). What is h(-4)?
1
Let k be 420/(-252) + 8/3. Let g = 14 + -9. Let m(c) = -6*c + 4 - g + 0. Give m(k).
-7
Suppose -31*b = 11*b - 420. Let p(r) = r**2 - 8*r - 22. Determine p(b).
-2
Let m be (-135)/(-18)*8/10. Let k = 7 - m. Let u(r) = -3*r + 5*r + k + 8*r. Determine u(1).
11
Let n(c) be the first derivative of -c**4/4 + 5*c**3/3 - 3*c**2 + 5*c - 43. Calculate n(4).
-3
Let p(q) = -q**2 + 19*q - 4. Let w(y) = 2*y**2 - 37*y + 9. Let h(l) = 5*p(l) + 3*w(l). Let t(n) = -n**2 + 14*n - 6. Let r(g) = -6*h(g) - 7*t(g). Determine r(2).
0
Let l(q) be the third derivative of -q**5/60 + 11*q**4/24 - q**3 - 36*q**2. What is l(8)?
18
Let z(w) = -3*w + 4. Let j be (-29)/3 - ((-30)/(-9))/(-5). Let v be (-35)/j - (-12)/108. What is z(v)?
-8
Let v(b) = -9*b - 3. Let t(x) = x. Let k(g) = -5*t(g) - v(g). What is k(-2)?
-5
Let b(i) be the first derivative of 2*i**3/3 + i**2 - 2*i - 4. Let a(x) = x**2 - 3*x - 1. Let t be a(7). Suppose -t*c = -24*c - 6. What is b(c)?
10
Let v = 6 + 0. Let q(w) = -w**3 + 5*w**2 + 9*w + 28. Let g(i) = -i - 5. Let f(y) = -4*g(y) - q(y). Calculate f(v).
-2
Let u = 1875 - 1873. Let x(n) = 10*n**2 - 2*n + 1. What is x(u)?
37
Suppose d = 6*d + 60. Let f = d + 9. Let t(c) be the third derivative of c**6/120 + c**5/20 - c**3/2 + 72*c**2 + 2. Determine t(f).
-3
Let m(v) = v**2 - 6*v. Let x(i) = -4*i + 8. Let b be x(9). Let c = -23 - b. Calculate m(c).
-5
Let c = 18 - 15. Let i(p) = -8*p**2 + 1 + 0*p**2 + 0*p**2 - c + 8*p - p**3. What is i(-9)?
7
Let a(r) = 2*r**2 - 136*r + 1798. Let x be a(50). Suppose -3*b - 6 = 12. Let k(m) = m + 1. Let n(c) = -5. Let w(t) = b*k(t) - n(t). Calculate w(x).
11
Let k(z) = -z - 1. Suppose 0 = 7*g - 5 + 12. Let x(b) = 5*b - 3. Let q(m) = g*x(m) - 6*k(m). What is q(7)?
16
Let g(m) = 4*m + 7. Let y(t) = -1 + 2 - 8 - 3*t. Let o(n) = 4*g(n) + 5*y(n). Let i(u) = -u**2 + 23*u - 17. Let j be i(22). Give o(j).
-2
Suppose -6*v - 42 = -6. Let x(o) = 7*o + 9. Let i(l) = 77*l + 61. Let a(u) = -13*u - 10. Let t(p) = 34*a(p) + 6*i(p). Let s(g) = -4*t(g) + 11*x(g). Give s(v).
13
Let z(d) = d**3 + 5*d**2. Let i be z(-5). Suppose 3 = -i*v + v. Let w(f) = f - 2. Calculate w(v).
1
Let n = -8 - -3. Let b(z) = 2*z + 7. Let p(l) = 3*l + 15. Let r(w) = 5*b(w) - 2*p(w). Let k(a) = -3*a - 4. Let j(y) = -3*k(y) - 2*r(y). Give j(n).
-3
Let p(h) = h + 8. Let u be (-1 - -4) + (-5 - -7). Suppose 0*i - 5 = u*i. Let s be i/3 + 9/27. Determine p(s).
8
Let f = 400 - 393. Let r(g) = -g**2 + 6*g + 8. Give r(f).
1
Let t(f) = -f + 6. Suppose -94 = -3*r + 5*u, 3*r - 10*u + 7*u - 84 = 0. Suppose -2*z = 5*b - r, 0*b + 3*b = -z + 12. What is t(z)?
-3
Let x = 855 - 851. Let o(h) be the third derivative of -8*h**2 - 1/6*h**3 + 0*h + 1/6*h**x - 1/60*h**5 + 0. Calculate o(4).
-1
Let n(v) = -v**2 - 9*v - 6. Let q be n(-3). Let p(s) = -s**3 + 13*s**2 - 11*s - 7. Give p(q).
5
Let v(w) be the third derivative of 11*w**2 - 1/120*w**6 + 5/6*w**3 - 1/15*w**5 + 0*w + 0 + 7/24*w**4. What is v(-5)?
-5
Let d(x) be the first derivative of -1 + 1/4*x**4 + 4*x - 4/3*x**3 - x**2. Give d(3).
-11
Let p(i) = 2*i + 6. Suppose -z - 4*s = -5*z + 208, 107 = 2*z - 3*s. Let x be (-26)/7 - 14/z. Calculate p(x).
-2
Let w(l) = -6*l - 7. Suppose -3*d - 10 = 3*c + 5, -3*d = -5*c + 15. What is w(d)?
23
Suppose 3*k - 4*m = -5, m - 1 = 3*k + 7. Let f(w) = -2*w**2 - 2*w + 6. Determine f(k).
-6
Suppose -3*n = 4*r - 2*n, 0 = -3*r - 2*n. Let p(a) = 2*a + 0*a**3 + a**3 + 4*a**2 + r*a**2. Suppose -162*u - 236 = 250. Calculate p(u).
3
Let d be (-5)/(-3) + 300/225. Let u(h) = 3*h + 4. Determine u(d).
13
Let p(j) = 5*j**3 + 18*j**2 - 7*j + 3. Let q(v) = 2*v**3 + 9*v**2 - 3*v + 1. Let h(x) = -3*p(x) + 7*q(x). Let n be (20/(3 - -2) - -3) + 2. Give h(n).
-2
Let j(r) = -2*r**3 - 2*r**2 - 5*r - 3. Let h be ((-3)/(-2) - 2)/(91/546). Calculate j(h).
48
Let o(h) = -7*h + 3. Let p(r) = 15*r - 7. Let z(b) = 5*o(b) + 2*p(b). Suppose 5*j - 13 = -4*d, 2*j - 3*d = -2*d. Suppose -3*q = -4*q - j. Calculate z(q).
6
Suppose -5 + 7 = f. Let x be f/3*(-150)/(-20). Let j(i) = -2 - 6*i + 4 - x. Determine j(-2).
9
Let y(z) = z + 3. Suppose -5*t = 4*t + 45. Let v(l) = -l**3 - 4*l**2 + 5*l - 5. Let f be v(t). Calculate y(f).
-2
Let r(f) = 4 + 3*f + 3215*f**2 - 3214*f**2 - 4. Give r(-3).
0
Suppose 5*d = d + 20. Suppose -4*b = 2*q - 4, -2*q + 18 = 4*b - 7*q. Let j(i) = -3*i - 4 + i**b - 3 + 0*i. Determine j(d).
3
Let g(m) = -3*m**2 + 5*m - 2. Suppose -95*o + 110 = -175. Calculate g(o).
-14
Let g be ((-4)/(-6))/(4 - 44/12). Let j(c) = -c**2 - c + 4. What is j(g)?
-2
Let f(i) = -i**3 + 3*i**2 - i - 4. Let x be 57 + -50 + 2/1 - 6. Determine f(x).
-7
Let x(y) = 2*y**3 + 3*y**2 - 7*y. Let a be x(-3). Let t(c) = c**2 + 5*c - 3. Determine t(a).
3
Suppose -2*h = -2*x - 6, -h = h - 5*x - 21. Let k be (1 - 2) + h + 4. Let m(c) = -3*c**2 - c**2 + 6*c**2 + k + 2*c. Give m(-1).
1
Let b(t) be the first derivative of t**3/3 - 9*t**2/2 - 9*t + 341. Give b(9).
-9
Suppose 2 = -4*s + 5*s. Suppose -2 = -w + s. Suppose -w = 4*l + 5*p, -2*l - l = p - 8. Let z(x) = -x**2 + 2*x. Give z(l).
-8
Let x(g) = 12*g**3 + 7*g**2 - 11*g + 26. Let s(b) = -6*b**3 - 4*b**2